895?
True
Does 4 divide 9405214?
False
Is 8 a factor of 66258048?
True
Is 1079790037 a multiple of 2533?
True
Is 36201100 a multiple of 10?
True
Does 21 divide 1433682609?
False
Is 10 a factor of 2754164536?
False
Is 307969004 a multiple of 32?
False
Is 21 a factor of 18360989?
False
Is 178 a factor of 31008668?
True
Is 51242350 a multiple of 365?
True
Is 5319 a factor of 1235183499?
True
Is 324 a factor of 62461507?
False
Is 4553 a factor of 1603535143?
False
Does 79 divide 136864419?
True
Does 53 divide 22368703?
True
Is 407 a factor of 1508355838?
True
Does 12408 divide 2096170296?
True
Does 11 divide 62520324?
False
Does 20 divide 4953020?
True
Is 4246 a factor of 18389426?
True
Does 50 divide 1121250?
True
Is 188396951 a multiple of 658?
False
Is 110782892 a multiple of 737?
True
Does 8928 divide 624855348?
False
Does 3598 divide 1735295930?
False
Is 3866354 a multiple of 24?
False
Does 51 divide 144108456?
True
Is 848484 a multiple of 111?
True
Is 2051756075 a multiple of 53?
False
Does 815 divide 13187515?
True
Does 50 divide 111788640?
False
Is 16 a factor of 40368?
True
Is 5446222 even?
True
Does 39 divide 32890524?
False
Is 28498773 a multiple of 61?
True
Does 68 divide 39821794?
False
Is 427 a factor of 8327781?
True
Is 1381773708 a multiple of 2166?
True
Does 703 divide 277570842?
False
Is 2947 a factor of 218158980?
False
Does 86 divide 321634482?
False
Is 13 a factor of 318130026?
False
Is 899 a factor of 1973916150?
False
Is 47 a factor of 315940663?
False
Does 76 divide 222142566?
False
Is 4719968966 a multiple of 46?
True
Does 863 divide 87748537?
False
Is 646822623 a multiple of 2791?
True
Is 35574224 a multiple of 427?
True
Is 12 a factor of 10120656?
True
Is 19 a factor of 308603692?
False
Does 360 divide 41022000?
True
Is 41016877 a multiple of 121?
False
Is 6 a factor of 22123302?
True
Is 37 a factor of 110879528?
True
Is 342 a factor of 452425535?
False
Is 32 a factor of 50615719?
False
Is 9 a factor of 81629235?
True
Is 21135708 a multiple of 396?
True
Is 271725549 a multiple of 2?
False
Is 949 a factor of 215392187?
False
Does 19 divide 91756187?
True
Does 1418 divide 29203710?
True
Is 1385 a factor of 45716080?
True
Is 163 a factor of 216972071?
True
Does 33 divide 228766300?
False
Is 1475 a factor of 1001836225?
True
Is 1573 a factor of 4693832?
True
Is 128917278 a multiple of 1098?
True
Is 94 a factor of 68962630?
True
Does 75 divide 328977525?
True
Is 122483844 a multiple of 1071?
True
Is 19216120 a multiple of 187?
True
Is 13 a factor of 4303546?
True
Is 2063890580 a multiple of 4656?
False
Does 79 divide 395699?
False
Is 1371 a factor of 353660338?
False
Is 2373 a factor of 39297808?
False
Is 101524601 a multiple of 64?
False
Does 99 divide 8028306?
True
Is 573247042 a multiple of 75?
False
Is 16264320 a multiple of 480?
True
Does 116 divide 602453888?
True
Is 2383977546 a multiple of 11133?
False
Is 19 a factor of 347656616?
False
Is 10 a factor of 7024366?
False
Is 10 a factor of 164875430?
True
Is 121982924 a multiple of 32?
False
Is 283 a factor of 174228384?
True
Does 23 divide 72451173?
True
Is 25895202 a multiple of 1105?
False
Does 37 divide 360663816?
False
Is 512 a factor of 793843712?
True
Is 26605196 a multiple of 188?
True
Is 150 a factor of 155145300?
True
Is 908 a factor of 11927488?
True
Is 16 a factor of 34408990?
False
Does 672 divide 107716276?
False
Does 1780 divide 26979601?
False
Is 45327812 a multiple of 7?
False
Is 68229000 a multiple of 40?
True
Is 54782295 a multiple of 4486?
False
Is 30667124 a multiple of 94?
True
Is 4 a factor of 233607880?
True
Is 169722332 a multiple of 820?
False
Is 417251738 a multiple of 259?
False
Is 12 a factor of 90636120?
True
Is 13878 a factor of 1776994632?
True
Is 399 a factor of 12647901?
True
Is 427 a factor of 2507054921?
True
Is 12 a factor of 34258590?
False
Is 77699055 a multiple of 5?
True
Is 100781712 a multiple of 1224?
True
Is 83 a factor of 3239289?
False
Is 404 a factor of 33608202?
False
Is 125 a factor of 6883060?
False
Is 18662512 a multiple of 1982?
True
Is 68674137 a multiple of 21?
True
Is 832 a factor of 1545503666?
False
Is 174338046 a multiple of 1549?
False
Does 47 divide 56020804?
True
Does 34 divide 492932?
True
Is 458740224 a multiple of 36?
True
Is 204 a factor of 3799908?
True
Is 40 a factor of 217975824?
False
Does 3 divide 2705583?
True
Is 25068260 a multiple of 1370?
True
Is 4 a factor of 109886210?
False
Is 1378025768 a multiple of 2529?
False
Does 4483 divide 773734419?
True
Does 147 divide 63557508?
True
Is 131354681 a multiple of 434?
False
Is 201691180 a multiple of 405?
False
Is 38 a factor of 3414794?
True
Is 911 a factor of 3191062320?
False
Is 2 a factor of 173242650?
True
Is 359 a factor of 12828681?
False
Is 61599477 a multiple of 3?
True
Does 2 divide 4713558?
True
Is 333 a factor of 133692840?
True
Is 11 a factor of 4136099?
True
Does 6213 divide 1414544775?
True
Is 9 a factor of 4261096?
False
Is 1081 a factor of 92211461?
False
Is 192 a factor of 155328357?
False
Is 10894 a factor of 2911475970?
True
Is 259 a factor of 2998499721?
True
Is 21 a factor of 169402801?
False
Is 539919457 a multiple of 23?
True
Is 13 a factor of 2308385848?
False
Is 102483224 a multiple of 13?
False
Is 5 a factor of 48041075?
True
Does 2 divide 84116318?
True
Is 15060141 a multiple of 171?
True
Is 55030878 a multiple of 266?
True
Does 101 divide 76606177?
True
Is 139098228 a multiple of 519?
True
Does 314 divide 179688208?
False
Is 1279 a factor of 56948754?
True
Is 728 a factor of 112730072?
True
Is 429289408 a multiple of 25?
False
Is 121 a factor of 18996516?
True
Is 31474513 a multiple of 796?
False
Is 11 a factor of 2331414741?
False
Is 571788160 a multiple of 16?
True
Is 1243769520 a multiple of 30?
True
Does 1946 divide 29525301?
False
Is 3 a factor of 205470140?
False
Is 20476085 a multiple of 25?
False
Is 569880756 a multiple of 2526?
True
Does 130 divide 18014490?
True
Does 2267 divide 35875275?
True
Is 447328710 a multiple of 296?
False
Does 50 divide 9641573?
False
Does 984 divide 17164896?
True
Is 493591914 a multiple of 467?
True
Is 75306748 a multiple of 44?
True
Is 493 a factor of 429575550?
True
Is 192 a factor of 60746304?
True
Is 4 a factor of 8009244?
True
Is 144850290 a multiple of 39?
True
Does 3 divide 345139950?
True
Is 15562668 a multiple of 12?
True
Is 5 a factor of 9879980?
True
Is 40016961 a multiple of 300?
False
Is 29863740 a multiple of 19?
False
Is 37 a factor of 250077413?
True
Is 30855768 a multiple of 172?
True
Is 772431564 a multiple of 78?
False
Does 338 divide 9404016?
False
Does 5520 divide 157899600?
True
Is 41 a factor of 777975?
True
Is 476 a factor of 18129412?
True
Is 124565595 a multiple of 71?
True
Does 51 divide 658084110?
True
Is 1055 a factor of 62753510?
True
Does 715 divide 8310944?
False
Does 57 divide 400864717?
False
Does 87 divide 31650714?
False
Is 1023 a factor of 33569745?
True
Is 50693846 a multiple of 7?
True
Is 441 a factor of 13018095?
False
Is 14996745 even?
False
Does 144 divide 7089513?
False
Does 38 divide 9415187?
False
Does 556 divide 1304858608?
True
Is 9 a factor of 26628372?
True
Is 729666592 a multiple of 2049?
False
Is 2847 a factor of 29463740?
False
Does 2173 divide 240063581?
False
Is 132 a factor of 89121120?
True
Does 1557 divide 4231926?
True
Is 21 a factor of 2411819304?
False
Is 36344338 a multiple of 940?
False
Is 30 a factor of 15857245?
False
Does 81 divide 1153133879?
False
Does 162 divide 11802402?
False
Is 693475 a multiple of 11?
False
Is 158 a factor of 896443810?
True
Is 22 a factor of 215283926?
True
Does 58 divide 65332940?
True
Does 71 divide 2986040042?
True
Is 136 a factor of 26925280?
True
Is 1115 a factor of 1123560930?
False
Is 757 a factor of 162944954?
False
Does 115 divide 871158884?
False
Does 3649 divide 50634272?
False
Is 67 a factor of 82766038?
True
Does 9 divide 102832106?
False
Does 22 divide 247233338?
True
Is 20301778 a multiple of 161?
True
Does 114 divide 23283694?
False
Does 24 divide 463354416?
True
Does 36 divide 274635252?
True
Is 8 a factor of 44259243?
False
Is 37 a factor of 46911465?
False
Is 1154763841 a multiple of 4081?
True
Is 115857781 a multiple of 107?
True
Is 2456786348 a multiple of 481?
False
Does 633 